t is -23 + 224?
201
In base 12, what is 1643 + -3?
1640
In base 9, what is -2 - 1011?
-1013
In base 5, what is 2 + -2210?
-2203
In base 6, what is -102 - 13?
-115
In base 2, what is -110100 - 11?
-110111
In base 2, what is 10000 - -1101010001?
1101100001
In base 5, what is 3 + 143?
201
In base 16, what is -5e - 0?
-5e
In base 14, what is 38 - -21?
59
In base 14, what is -2 - -c1?
bd
In base 11, what is -1 + 244?
243
In base 2, what is -1010001100 - 11?
-1010001111
In base 12, what is -760 + -2?
-762
In base 14, what is 3 + 31?
34
In base 14, what is 4 + -272?
-26c
In base 8, what is 23 - -2165?
2210
In base 5, what is -2 + -324?
-331
In base 16, what is 0 + 121?
121
In base 10, what is -5 - 563?
-568
In base 9, what is 243 + 1?
244
In base 5, what is 1 + 22300?
22301
In base 3, what is -200 + 112?
-11
In base 2, what is -1000 - -1001111?
1000111
In base 9, what is -76 - 0?
-76
In base 5, what is -3 - -200?
142
In base 2, what is -101010100100011 + -10?
-101010100100101
In base 11, what is 182 - 4?
179
In base 16, what is e0 - -5?
e5
In base 8, what is -3 - -274?
271
In base 16, what is -2168 - -1?
-2167
In base 16, what is -10 + 7?
-9
In base 4, what is 3 - -1200?
1203
In base 8, what is 7 + 7?
16
In base 2, what is 110000 + 1011?
111011
In base 15, what is -1 + 46?
45
In base 2, what is 11011110101 - -100?
11011111001
In base 5, what is -1111 + -10?
-1121
In base 14, what is -437 + 3?
-434
In base 6, what is -23 - 1432?
-1455
In base 11, what is 698 - 7?
691
In base 5, what is 1 + 10030?
10031
In base 5, what is -113 - 3?
-121
In base 12, what is 31 + -1?
30
In base 13, what is 4 - -1b?
22
In base 4, what is 11 - 2023?
-2012
In base 16, what is -1 - -32?
31
In base 15, what is 35 + 4?
39
In base 5, what is 200 + -2?
143
In base 9, what is -4737 - 5?
-4743
In base 14, what is -5 + -16?
-1b
In base 14, what is -2417 + -2?
-2419
In base 6, what is 3 - -4140?
4143
In base 8, what is -4 + 4377?
4373
In base 5, what is 1210223 + 1?
1210224
In base 11, what is 250 + -1?
24a
In base 4, what is -203 + 12?
-131
In base 13, what is -128c - 1?
-1290
In base 11, what is 4 - -2244?
2248
In base 5, what is 32 - 112?
-30
In base 3, what is 12 + 101200?
101212
In base 13, what is 9019 - -2?
901b
In base 10, what is -6 - 7?
-13
In base 7, what is 0 + 114?
114
In base 7, what is -143 - -1?
-142
In base 2, what is 10 - -100000101001?
100000101011
In base 16, what is c07 + 1?
c08
In base 11, what is 1a + 6?
25
In base 9, what is -62 + -3?
-65
In base 6, what is 1220 - -1?
1221
In base 9, what is 6 + 20?
26
In base 8, what is 460 + -1?
457
In base 8, what is 161 - 12?
147
In base 12, what is -a0 + 94?
-8
In base 15, what is 3 - -a3?
a6
In base 10, what is 4 - -41?
45
In base 10, what is -4 - 83?
-87
In base 16, what is -133 - 0?
-133
In base 11, what is 583 - -7?
58a
In base 8, what is -670 + -4?
-674
In base 2, what is 100 - -11101?
100001
In base 15, what is 2 + 1c?
1e
In base 7, what is -2 - 3?
-5
In base 5, what is 3200 + -120?
3030
In base 2, what is 110001 + -1101?
100100
In base 4, what is 33021 + 1?
33022
In base 11, what is 984 + -5?
97a
In base 8, what is 3 - -16?
21
In base 9, what is 17 - -227?
245
In base 16, what is bc + -6?
b6
In base 16, what is 40c2 + 3?
40c5
In base 7, what is 2 - -366?
401
In base 2, what is 110111 - 101100?
1011
In base 6, what is 3123 + 0?
3123
In base 12, what is -4 - 266?
-26a
In base 13, what is 6 + -19?
-13
In base 5, what is -4 - -304?
300
In base 16, what is 0 + -55?
-55
In base 3, what is 1002 + -1?
1001
In base 7, what is 214 - -6?
223
In base 3, what is -10 + -10001101?
-10001111
In base 5, what is 21404 + -12?
21342
In base 12, what is -13 - -15?
2
In base 15, what is 5 + 6?
b
In base 7, what is 230 + -42?
155
In base 15, what is -2 - -2?
0
In base 4, what is -2 + -10230?
-10232
In base 7, what is 4502 - -3?
4505
In base 7, what is -3303 - 0?
-3303
In base 15, what is -40 + -3?
-43
In base 16, what is -3 - 70?
-73
In base 10, what is 17 - 4?
13
In base 6, what is -25 - -2?
-23
In base 13, what is 148 - -3?
14b
In base 13, what is -87 + 4?
-83
In base 12, what is 15 - -21a?
233
In base 7, what is 6042 + -10?
6032
In base 5, what is 202 + 342?
1044
In base 10, what is 5 - -33?
38
In base 8, what is 4 + 156?
162
In base 9, what is 3 - -24?
27
In base 7, what is -215 - -12?
-203
In base 3, what is 111 + -1010?
-122
In base 13, what is -234b - 3?
-2351
In base 2, what is 10000110 - 10?
10000100
In base 6, what is 1 + 20441?
20442
In base 5, what is -214222 + 3?
-214214
In base 11, what is -400 - a?
-40a
In base 3, what is -2220 + 21?
-2122
In base 14, what is 33 + 5?
38
In base 6, what is -44 - 4455?
-4543
In base 3, what is 200020001 + 12?
200020020
In base 3, what is -11 - -2002?
1221
In base 4, what is 0 - 10300?
-10300
In base 3, what is 110021 - -11?
110102
In base 9, what is 1 + 311?
312
In base 7, what is 13643 + 4?
13650
In base 16, what is 19c - -1?
19d
In base 11, what is -4 - 81?
-85
In base 5, what is -3233 + -11?
-3244
In base 11, what is -7 + -49?
-55
In base 2, what is 101111000 - 10?
101110110
In base 3, what is -22200 - 20?
-22220
In base 10, what is -158 - 15?
-173
In base 6, what is 3 + 13245?
13252
In base 13, what is 4 + -b2?
-ab
In base 10, what is 0 + -160?
-160
In base 14, what is 3 + 77?
7a
In base 4, what is -3232 - -11?
-3221
In base 11, what is -610 + -3?
-613
In base 4, what is 1013022 + 10?
1013032
In base 11, what is -2 - -aa?
a8
In base 3, what is -1 - -121222?
121221
In base 13, what is -9 + 6?
-3
In base 9, what is 16 - 14?
2
In base 15, what is d - 34?
-26
In base 3, what is 2102 + 101?
2210
In base 11, what is 336 - 5?
331
In base 12, what is 1 + 147?
148
In base 8, what is 2 - -3107?
3111
In base 9, what is -801 - -5?
-785
In base 4, what is 30 - 201?
-111
In base 9, what is 2 - 214?
-212
In base 9, what is 4 + -227?
-223
In base 13, what is -170 + -3?
-173
In base 10, what is -55 - -2?
-53
In base 9, what is -1 - -10?
8
In base 13, what is b + -25?
-17
In base 6, what is -4 - -41?
33
In base 10, what is 3 - -110?
113
In base 13, what is 1a - 9?
11
In base 6, what is -1 + -4530?
-4531
In base 13, what is 111 - -5?
116
In base 14, what is -1 - -13?
12
In base 14, what is 4c5b - 3?
4c58
In base 14, what is -2 - 653?
-655
In base 4, what is -1 - -123?
122
In base 11, what is -4 - -1a?
16
In base 5, what is 4 - 1311?
-1302
In base 15, what is -e9c + -4?
-ea1
In base 16, what is 0 + 33?
33
In base 16, what is -2631 - 5?
-2636
In base 14, what is 5 - -c?
13
In base 8, what is 10 - 6?
2
In base 11, what is 3 + 57?
5a
In base 11, what is 3654 + -5?
364a
In base 11, what is -3 + 18?
15
In base 10, what is -905 - -4?
-901
In base 5, what is 1233 + -14?
1214
In base 4, what is -1233 + 22?
-1211
In base 7, what is -1105 + 4?
-1101
In base 12, what is 5a + -97?
-39
In base 16, what is -70 + f?
-61
In base 11, what is -3 + 42?
3a
In base 5, what is 1402 - 0?
1402
In base 7, what is -1 - 10?
-11
In base 8, what is -21 + 11?
-10
In base 9, what is 7 + -24?
-16
In base 8, what is 2 - 13?
-11
In base 14, what is -2 + -b55?
-b57
In base 16, what is 5 - -1c2?
1c7
In base 16, what is -87b - 2?
-87d
In base 9, what is 6 + 1?
7
In base 8, what is -26 + 234?
206
In base 9, what is 7 + -25?
-17
In base 4, what is 12112 + -232?
11220
In base 3, what is 1021 + -20?
1001
In base 13, what is 8 + -8?
0
In base 12, what is -1 - -7a7?
7a6
In base 16, what is -2d + -5?
-32
In base 8, what is 0 - 1226?
-1226
In base 7, what is -31 + -14?
-45
In base 9, what is 0 + -112?
-112
In base 8, what is -3 - -117?
114
In base 3, what is 2 - -102122111?
102122120
In base 7, what is 16010 + -1?
16006
In base 7, what is -31661 - -4?
-31654
In base 8, what is 5 - -2125?
2132
In base 4, what is -1020 + 12?
-1002
In base 8, what is -3 + -20?
-23
In base 9, what is 252 + -76?
165
In base 8, what is -136 + -3?
-141
In base 7, what is 10 + -1503?
-1463
In base 12, what is 5 - -278?
281
In base 2, what is 1000 + 1100000?
1101000
In base 2, what is -1010101 - -11?
-1010010
In base 10, what is 2 + -1?
1
In base 7, what is -143 + -1?
-144
In base 3, what is 1 + -122001?
-122000
In base 2, what is 1101101 - -101?
1110010
In base 4, what is -20 + 1131?
1111
In base 12, what is -2b + 30?
1
In base 3, what is 100201211 + 0?
100201211
In bas